
Does 11 divide 2461518?
False
Is 75 a factor of 1793666?
False
Is 32308 a multiple of 7?
False
Is 129631 a multiple of 46?
False
Is 92 a factor of 1302812?
True
Does 35 divide 261785?
False
Does 22 divide 722813?
False
Is 3084129 a multiple of 309?
True
Is 1964714 a multiple of 4?
False
Is 246026 a multiple of 564?
False
Does 687 divide 2513621?
False
Does 8 divide 7068?
False
Is 19 a factor of 608760?
True
Is 31 a factor of 1592904?
True
Is 259966 a multiple of 31?
True
Is 11 a factor of 759676?
False
Does 1445 divide 7749725?
False
Is 741 a factor of 10333986?
True
Is 607800 a multiple of 15?
True
Does 9 divide 1186590?
False
Is 192815 a multiple of 269?
False
Does 130 divide 276702?
False
Is 619 a factor of 13543720?
True
Does 9 divide 113688?
True
Does 12 divide 896748?
True
Does 31 divide 149735?
False
Is 69 a factor of 669448?
False
Is 16 a factor of 975200?
True
Is 422982 a multiple of 66?
False
Does 784 divide 1503712?
True
Does 1298 divide 3820014?
True
Does 12 divide 9126332?
False
Does 59 divide 1560938?
False
Is 545299 a multiple of 31?
False
Does 25 divide 354705?
False
Does 7 divide 652778?
True
Is 2618613 a multiple of 601?
False
Does 18 divide 133866?
True
Is 265 a factor of 72615?
False
Is 94 a factor of 2081065?
False
Is 66551 even?
False
Does 468 divide 3557268?
True
Is 6 a factor of 138486?
True
Does 12 divide 794016?
True
Does 178 divide 2538057?
False
Is 1117 a factor of 1727748?
False
Is 236350 a multiple of 145?
True
Is 31 a factor of 25048?
True
Is 11 a factor of 4333?
False
Is 518 a factor of 4321156?
True
Is 407804 a multiple of 1516?
True
Is 296 a factor of 5229281?
False
Does 45 divide 1262720?
False
Is 1357061 a multiple of 1111?
False
Is 270900 a multiple of 215?
True
Is 110894 a multiple of 167?
False
Does 10 divide 229965?
False
Is 6457654 a multiple of 238?
True
Is 22694182 a multiple of 406?
True
Does 574 divide 4569614?
True
Is 37067 a multiple of 6?
False
Is 5 a factor of 103168?
False
Does 13 divide 1903039?
False
Is 13044588 a multiple of 10?
False
Does 11 divide 1228403?
True
Is 758903 a multiple of 447?
False
Is 5570151 a multiple of 32?
False
Is 17 a factor of 189414?
True
Does 1752 divide 814680?
True
Does 6 divide 619345?
False
Is 286 a factor of 109273?
False
Does 43 divide 1091515?
False
Does 68 divide 77792?
True
Is 108 a factor of 2263893?
False
Does 57 divide 65094?
True
Is 267 a factor of 2712204?
False
Does 564 divide 2413012?
False
Is 19727355 a multiple of 258?
False
Is 922 a factor of 7061396?
False
Is 430996 a multiple of 214?
True
Is 814 a factor of 3982732?
False
Is 122144 a multiple of 11?
True
Does 20 divide 24290620?
True
Does 57 divide 6471894?
True
Is 118192 a multiple of 83?
True
Is 389837 a multiple of 205?
False
Is 3187092 a multiple of 369?
False
Is 29265600 a multiple of 130?
True
Is 82 a factor of 636105?
False
Is 31 a factor of 5552183?
False
Is 1897108 a multiple of 196?
False
Does 84 divide 147403?
False
Does 19 divide 1347214?
True
Is 5 a factor of 1582090?
True
Does 16 divide 71680?
True
Is 1736906 a multiple of 10?
False
Is 16 a factor of 964816?
True
Is 573 a factor of 5319159?
True
Does 17 divide 66504?
True
Is 4266713 a multiple of 3?
False
Does 379 divide 4569603?
True
Is 27 a factor of 10395?
True
Does 77 divide 2465386?
True
Does 236 divide 725464?
True
Does 10 divide 42360?
True
Does 94 divide 1475881?
False
Does 612 divide 10107857?
False
Is 198 a factor of 103337?
False
Does 30 divide 7622978?
False
Does 67 divide 107602?
True
Does 96 divide 28049?
False
Is 190402 a multiple of 83?
True
Is 944918 a multiple of 14?
False
Does 47 divide 1324789?
True
Does 37 divide 11142190?
False
Does 163 divide 2848707?
False
Does 1182 divide 25827072?
False
Is 78 a factor of 2327130?
True
Is 234 a factor of 342576?
True
Is 66 a factor of 1079826?
True
Does 7 divide 11802?
True
Does 24 divide 1029477?
False
Is 9601885 a multiple of 109?
False
Is 78768 a multiple of 18?
True
Does 1504 divide 19968608?
True
Does 56 divide 654416?
True
Is 27 a factor of 206658?
True
Is 266325 a multiple of 40?
False
Does 11 divide 216117?
True
Is 65 a factor of 598463?
False
Is 21 a factor of 250393?
False
Is 11 a factor of 2692932?
True
Does 309 divide 1302158?
False
Does 4 divide 81763?
False
Is 210 a factor of 153090?
True
Is 4064904 a multiple of 123?
True
Is 1125070 a multiple of 10?
True
Does 11 divide 11291246?
False
Is 146793 a multiple of 293?
True
Is 44 a factor of 90335?
False
Is 16 a factor of 1205749?
False
Does 594 divide 3805787?
False
Is 241 a factor of 13791697?
False
Is 92 a factor of 2410059?
False
Is 103 a factor of 358132?
False
Is 1141992 a multiple of 622?
True
Is 7233 a multiple of 601?
False
Does 70 divide 2234788?
False
Does 43 divide 12488533?
True
Does 45 divide 1988685?
True
Does 180 divide 86627?
False
Is 558384 a multiple of 48?
True
Does 944 divide 523040?
False
Is 21 a factor of 4231899?
True
Does 209 divide 70790?
False
Does 215 divide 1445677?
False
Is 1737 a factor of 6426900?
True
Is 63 a factor of 113817?
False
Does 37 divide 7841?
False
Does 5 divide 60926?
False
Is 2704674 a multiple of 7?
True
Is 16063025 a multiple of 21?
False
Does 80 divide 4880?
True
Is 159344 a multiple of 13?
False
Is 338 a factor of 8303387?
False
Does 25 divide 117850?
True
Does 11 divide 14152336?
True
Is 8 a factor of 12174588?
False
Is 1015379 a multiple of 54?
False
Does 40 divide 102880?
True
Does 50 divide 172900?
True
Is 1748220 a multiple of 11?
False
Does 6 divide 1099652?
False
Does 169 divide 492466?
True
Is 109340 a multiple of 77?
True
Is 7 a factor of 17374?
True
Does 890 divide 12168080?
True
Is 46200 a multiple of 100?
True
Does 7 divide 55778?
False
Does 9 divide 543?
False
Is 76473 a multiple of 142?
False
Does 17 divide 10867337?
False
Does 99 divide 937496?
False
Does 88 divide 16772103?
False
Is 363 a factor of 1424049?
True
Does 3 divide 32079?
True
Is 12 a factor of 65661?
False
Does 428 divide 297032?
True
Is 2 a factor of 36049?
False
Is 605 a factor of 830221?
False
Is 202598 a multiple of 60?
False
Is 30 a factor of 12572?
False
Does 28 divide 50971?
False
Does 27 divide 6549319?
False
Is 6 a factor of 4223?
False
Is 991296 a multiple of 9?
True
Does 427 divide 5173096?
False
Does 16 divide 9568?
True
Does 71 divide 231034?
True
Is 1913800 a multiple of 207?
False
Does 3 divide 1341585?
True
Is 36 a factor of 159500?
False
Does 2 divide 23649?
False
Is 921044 a multiple of 24?
False
Is 216 a factor of 339551?
False
Does 45 divide 1602090?
True
Is 1013364 a multiple of 15?
False
Does 474 divide 82476?
True
Does 58 divide 3562853?
False
Is 641358 a multiple of 168?
False
Does 13 divide 1289613?
True
Is 15 a factor of 9753945?
True
Is 132 a factor of 271656?
True
Is 79 a factor of 221911?
True
Is 8 a factor of 1245664?
True
Does 61 divide 89970?
False
Is 364699 a multiple of 32?
False
Does 105 divide 1079610?
True
Is 58040 a multiple of 40?
True
Does 90 divide 543150?
True
Does 4 divide 425324?
True
Is 2220780 a multiple of 1114?
False
Is 31 a factor of 972243?
False
Is 2234 a factor of 6925522?
False
Is 242056 a multiple of 383?
True
Is 7 a factor of 193439?
False
Is 16 a factor of 76253?
False
Is 413364 a multiple of 20?
False
Is 46 a factor of 1258238?
True
Is 661284 a multiple of 18?
True
Is 559 a factor of 8679034?
True
Does 14 divide 532?
True
Is 1227211 a multiple of 4?
False
Is 41 a factor of 1384365?
True
Is 12 a factor of 117996?
True
Is 250 a factor of 622500?
True
Is 80076 a multiple of 87?
False
Is 3790303 a multiple of 79?
False
Is 17 a factor of 4828284?
False
Does 15 divide 61334?
False
Does 251 divide 650123?
False
Is 282 a factor of 144384?
True
Is 130738 a multiple of 12?
False
Does 318 divide 424212?
True
Is 13781108 a multiple of 36?
False
Does 24 divide 800228?
False
Does 50 divide 492687?
False
Does 14 divide 75170?
False
Is 539 a factor of 36884?
False
Is 282 a factor of 1321956?
False
Does 7 divide 39700?
False
Is 17 a factor of 1294023?
True
Is 2011608 a multiple of 268?
True
Is 2234086 a multiple of 197?
False
Does 26 divide 704834?
True
Is 369246 a multiple of 474?
True
Does 96 divide 540809?
False
Is 4806126 a multiple of 414?
True
Is 574007 a multiple of 43?
True
Does 10 divide 15414300?
True
Does 314 divide 4038263?
False
I